git of 20735?
0
What is the thousands digit of 37606?
7
What is the units digit of 15943?
3
What is the hundreds digit of 7960?
9
What is the thousands digit of 1838?
1
What is the thousands digit of 2525?
2
What is the hundreds digit of 1155?
1
What is the thousands digit of 11925?
1
What is the thousands digit of 1160?
1
What is the tens digit of 916?
1
What is the hundreds digit of 4200?
2
What is the units digit of 15399?
9
What is the tens digit of 6012?
1
What is the hundreds digit of 13148?
1
What is the thousands digit of 2215?
2
What is the units digit of 2713?
3
What is the hundreds digit of 4467?
4
What is the units digit of 5987?
7
What is the thousands digit of 1907?
1
What is the units digit of 141428?
8
What is the hundreds digit of 43856?
8
What is the thousands digit of 1765?
1
What is the units digit of 1082?
2
What is the hundreds digit of 144?
1
What is the tens digit of 357?
5
What is the thousands digit of 138294?
8
What is the tens digit of 109?
0
What is the units digit of 1004?
4
What is the hundreds digit of 3029?
0
What is the units digit of 6473?
3
What is the units digit of 1136?
6
What is the thousands digit of 7997?
7
What is the hundreds digit of 4813?
8
What is the thousands digit of 20538?
0
What is the tens digit of 120?
2
What is the hundreds digit of 7765?
7
What is the units digit of 1426?
6
What is the tens digit of 2129?
2
What is the ten thousands digit of 19765?
1
What is the tens digit of 8050?
5
What is the hundreds digit of 9509?
5
What is the hundreds digit of 17627?
6
What is the tens digit of 35668?
6
What is the tens digit of 25?
2
What is the thousands digit of 27348?
7
What is the units digit of 6607?
7
What is the tens digit of 24116?
1
What is the thousands digit of 5917?
5
What is the hundreds digit of 560?
5
What is the units digit of 538?
8
What is the ten thousands digit of 90987?
9
What is the hundreds digit of 2549?
5
What is the tens digit of 1767?
6
What is the hundreds digit of 75786?
7
What is the thousands digit of 3744?
3
What is the tens digit of 23444?
4
What is the units digit of 44471?
1
What is the thousands digit of 55376?
5
What is the units digit of 8286?
6
What is the tens digit of 1524?
2
What is the units digit of 7077?
7
What is the units digit of 35158?
8
What is the units digit of 248?
8
What is the units digit of 9432?
2
What is the units digit of 977?
7
What is the tens digit of 397?
9
What is the tens digit of 81057?
5
What is the hundreds digit of 19041?
0
What is the thousands digit of 7089?
7
What is the hundreds digit of 2468?
4
What is the units digit of 74032?
2
What is the hundreds digit of 9727?
7
What is the hundreds digit of 5587?
5
What is the tens digit of 1504?
0
What is the units digit of 694?
4
What is the hundreds digit of 1277?
2
What is the hundreds digit of 46876?
8
What is the units digit of 1634?
4
What is the ten thousands digit of 161344?
6
What is the units digit of 133579?
9
What is the units digit of 832?
2
What is the hundreds digit of 340?
3
What is the tens digit of 475?
7
What is the hundreds digit of 8661?
6
What is the thousands digit of 1707?
1
What is the hundreds digit of 46317?
3
What is the thousands digit of 1178?
1
What is the thousands digit of 170306?
0
What is the units digit of 1657?
7
What is the units digit of 9131?
1
What is the hundreds digit of 1302?
3
What is the hundreds digit of 535?
5
What is the units digit of 1792?
2
What is the units digit of 1864?
4
What is the tens digit of 2972?
7
What is the hundreds digit of 770?
7
What is the hundreds digit of 3841?
8
What is the hundreds digit of 314?
3
What is the units digit of 10508?
8
What is the units digit of 44959?
9
What is the thousands digit of 12079?
2
What is the tens digit of 102117?
1
What is the thousands digit of 1835?
1
What is the tens digit of 1293?
9
What is the tens digit of 336?
3
What is the units digit of 2032?
2
What is the units digit of 117?
7
What is the tens digit of 14001?
0
What is the units digit of 20816?
6
What is the tens digit of 4511?
1
What is the hundred thousands digit of 113942?
1
What is the hundreds digit of 25359?
3
What is the units digit of 2121?
1
What is the hundreds digit of 1861?
8
What is the hundreds digit of 200?
2
What is the units digit of 16074?
4
What is the units digit of 2488?
8
What is the units digit of 66263?
3
What is the thousands digit of 7629?
7
What is the ten thousands digit of 57202?
5
What is the tens digit of 25220?
2
What is the tens digit of 8250?
5
What is the units digit of 2955?
5
What is the units digit of 7478?
8
What is the thousands digit of 2104?
2
What is the units digit of 7254?
4
What is the tens digit of 53032?
3
What is the units digit of 2186?
6
What is the thousands digit of 1014?
1
What is the hundreds digit of 61927?
9
What is the hundreds digit of 4776?
7
What is the thousands digit of 21222?
1
What is the units digit of 1294?
4
What is the hundreds digit of 692?
6
What is the units digit of 407?
7
What is the hundreds digit of 62176?
1
What is the units digit of 1?
1
What is the hundreds digit of 2229?
2
What is the thousands digit of 3700?
3
What is the thousands digit of 17778?
7
What is the tens digit of 3615?
1
What is the units digit of 926?
6
What is the thousands digit of 1627?
1
What is the thousands digit of 2984?
2
What is the tens digit of 36421?
2
What is the tens digit of 2692?
9
What is the hundreds digit of 3611?
6
What is the hundreds digit of 6582?
5
What is the units digit of 16378?
8
What is the tens digit of 23049?
4
What is the units digit of 3393?
3
What is the thousands digit of 6757?
6
What is the thousands digit of 19391?
9
What is the units digit of 503?
3
What is the units digit of 884?
4
What is the thousands digit of 11630?
1
What is the tens digit of 35102?
0
What is the thousands digit of 18535?
8
What is the thousands digit of 2114?
2
What is the tens digit of 31740?
4
What is the tens digit of 738?
3
What is the units digit of 72?
2
What is the tens digit of 14609?
0
What is the units digit of 4784?
4
What is the hundred thousands digit of 100034?
1
What is the hundreds digit of 1364?
3
What is the units digit of 88?
8
What is the units digit of 868?
8
What is the hundreds digit of 17815?
8
What is the hundreds digit of 38820?
8
What is the hundreds digit of 1181?
1
What is the ten thousands digit of 128950?
2
What is the units digit of 6809?
9
What is the units digit of 17666?
6
What is the ten thousands digit of 68913?
6
What is the tens digit of 51877?
7
What is the ten thousands digit of 19039?
1
What is the hundreds digit of 25785?
7
What is the thousands digit of 7673?
7
What is the tens digit of 7239?
3
What is the ten thousands digit of 60080?
6
What is the hundreds digit of 881?
8
What is the hundreds digit of 1127?
1
What is the thousands digit of 2522?
2
What is the thousands digit of 140083?
0
What is the tens digit of 2320?
2
What is the thousands digit of 1578?
1
What is the hundreds digit of 1299?
2
What is the ten thousands digit of 69118?
6
What is the units digit of 801?
1
What is the hundreds digit of 550?
5
What is the thousands digit of 5326?
5
What is the tens digit of 36986?
8
What is the tens digit of 5342?
4
What is the units digit of 57?
7
What is the units digit of 1818?
8
What is the ten thousands digit of 20322?
2
What is the thousands digit of 9386?
9
What is the units digit of 82?
2
What is the hundreds digit of 15626?
6
What is the tens digit of 2041?
4
What is the hundreds digit of 5003?
0
What is the hundreds digit of 94839?
8
What is the thousands digit of 9878?
9
What is the hundreds digit of 629?
6
What is the units digit of 479?
9
What is the tens digit of 114100?
0
What is the units digit of 130439?
9
What is the tens digit of 9728?
2
What is the hundreds digit of 36871?
8
What is the hundreds digit of 2575?
5
What is the tens digit of 512?
1
What is the hundred thousands digit of 146741?
1
What is the units digit of 5321?
1
What is the tens digit of 1745?
4
What is the hundreds digit of 6928?
9
What is the ten thousands digit of 12901?
1
What is the hundreds digit of 185?
1
What is the tens digit of 40615?
1
What is the ten thousands digit of 85773?
8
What is the hundreds digit of 1259?
2
What is the h